{"id":3996,"date":"2023-03-30T13:01:21","date_gmt":"2023-03-30T11:01:21","guid":{"rendered":"http:\/\/congresofanpse.org\/?page_id=3996"},"modified":"2025-01-30T09:36:16","modified_gmt":"2025-01-30T08:36:16","slug":"sede","status":"publish","type":"page","link":"https:\/\/congresofanpse.org\/2025\/sede\/","title":{"rendered":"La Sede"},"content":{"rendered":"<p>[vc_row disable_element=\u00bbyes\u00bb el_class=\u00bbprograma-web prox-footer\u00bb css=\u00bb.vc_custom_1733741604946{margin-top: 0px !important;margin-bottom: 0px !important;border-bottom-width: 0px !important;padding-top: 0px !important;}\u00bb][vc_column][vc_column_text el_class=\u00bbtitle-inscripcion proximamente\u00bb css=\u00bb.vc_custom_1730279025399{margin-top: 0px !important;margin-bottom: 0px !important;padding-top: 0px !important;padding-bottom: 0px !important;}\u00bb]PR\u00d3XIMAMENTE[\/vc_column_text][\/vc_column][\/vc_row][vc_row el_class=\u00bbintro-sede\u00bb][vc_column el_class=\u00bbcolumna-sede\u00bb][vc_column_text]<\/p>\n<h2 style=\"color: #1e5795; padding-bottom: 15px;\"><b><span data-contrast=\"auto\">SEDE CONGRESO (28 Y 29 de marzo)<\/span><\/b><\/h2>\n<p>Nuestro congreso se celebrar\u00e1 en el prestigioso\u00a0<b>NH Madrid Las Ventas<\/b>, un lugar excepcionalmente ubicado en el coraz\u00f3n de Madrid, en el barrio de Salamanca, con f\u00e1cil acceso desde el aeropuerto y principales puntos de la ciudad.<\/p>\n<p>Este moderno espacio ofrece instalaciones de \u00faltima generaci\u00f3n, c\u00f3modas salas para reuniones y un servicio impecable, ideal para garantizar el \u00e9xito de nuestro congreso.<\/p>\n<p>\u00a1Te esperamos en una sede que combina comodidad, funcionalidad y una ubicaci\u00f3n estrat\u00e9gica![\/vc_column_text][vc_row_inner][vc_column_inner width=\u00bb1\/2&#8243;][vc_single_image image=\u00bb5699&#8243; img_size=\u00bbfull\u00bb alignment=\u00bbright\u00bb][\/vc_column_inner][vc_column_inner width=\u00bb1\/2&#8243;][vc_single_image image=\u00bb5698&#8243; img_size=\u00bbfull\u00bb alignment=\u00bbright\u00bb][\/vc_column_inner][\/vc_row_inner][\/vc_column][\/vc_row][vc_row el_class=\u00bbfondo-columna servicios-cuota localizacion\u00bb][vc_column][vc_column_text el_class=\u00bbtitle-inscripcion\u00bb]<\/p>\n<h2 style=\"color: #1e5795; margin-top: 0; margin-bottom: 40px;\"><b><span data-contrast=\"auto\">LOCALIZACI\u00d3N<\/span><\/b><\/h2>\n<p>[\/vc_column_text][vc_column_text]<\/p>\n<p class=\"direccion\"><strong>Direcci\u00f3n<\/strong>: <span data-olk-copy-source=\"MessageBody\">C\/ de Biarritz, 2. Madrid<\/span>.<\/p>\n<p>[\/vc_column_text]<div class=\"evc-icon-list evc-shortcode \">\n\t<div class=\"evc-il-item  \" >\n\t<div class=\"evc-ili-inner\">\n\t\t\t<span class=\"evc-ili-icon-wrapper\" style=\"font-size: 30px;color: #1e5795\">\n\t\t<span class=\"evc-ili-icon fa fa-plane\"><\/span>\n\t<\/span>\n\t\t\t<span class=\"evc-ili-text\" >Desde el aeropuerto:<\/span>\n\t\t\t<\/div>\n<\/div>\n<\/div>\n[vc_column_text]<strong>Metro<\/strong>:\u202f<span data-olk-copy-source=\"MessageBody\">L8 a Nuevos Ministerios y luego L6 de metro hasta Diego de Le\u00f3n. Tardar\u00e1s 46 minutos en total. Si vas a pasar varios d\u00edas en la ciudad te recomendamos comprar el billete T10 de 10 trayectos v\u00e1lido para varios viajeros (12,20\u20ac). Tambi\u00e9n sirve para el metro<\/span>.<\/p>\n<p><b data-olk-copy-source=\"MessageBody\">Taxi:<\/b>\u00a0el trayecto dura entre 20 y 30 minutos y cuesta unos 30\u20ac.<\/p>\n<p><b data-olk-copy-source=\"MessageBody\">Autob\u00fas del aeropuerto:<\/b>\u00a0con paradas en Atocha, Cibeles (nocturnos) y O\u00b4Donnell-Doctor Esquerdo hasta la T1, T2 y T4 con un coste de 5\u20ac.<\/p>\n<p><b>Autob\u00fas:\u00a0<\/b>l\u00ednea 200 hasta Avd Am\u00e9rica y luego L7 de metro hasta la parada de Parque de las Avenidas. El trayecto tiene una duraci\u00f3n de 53 minutos.[\/vc_column_text]<div class=\"evc-icon-list evc-shortcode \">\n\t<div class=\"evc-il-item  \" >\n\t<div class=\"evc-ili-inner\">\n\t\t\t<span class=\"evc-ili-icon-wrapper\" style=\"font-size: 30px;color: #1e5795\">\n\t\t<span class=\"evc-ili-icon fa fa-train\"><\/span>\n\t<\/span>\n\t\t\t<span class=\"evc-ili-text\" >Desde la estaci\u00f3n de tren:<\/span>\n\t\t\t<\/div>\n<\/div>\n<\/div>\n[vc_column_text]<b><span data-olk-copy-source=\"MessageBody\">Desde Atocha:<\/span><\/b>\u00a0cercan\u00edas C3 o C4 hasta Puerta del Sol y luego L2 de metro hasta Ventas.<br \/>\n<b><\/b><\/p>\n<p><b>Estaci\u00f3n de metro m\u00e1s cercana:<\/b>\u00a0Ventas (L2).<\/p>\n<p>Si vas a pasar varios d\u00edas en la ciudad te recomendamos comprar el billete T10 de 10 trayectos v\u00e1lido para varios viajeros (12,20\u20ac). Es m\u00e1s econ\u00f3mico que un billete individual (1,50\u20ac).<\/p>\n<p>Haz clic\u00a0<a title=\"https:\/\/www.metromadrid.es\/export\/sites\/metro\/comun\/documentos\/planos\/Planoesquematicoespanol.pdf\" href=\"https:\/\/www.metromadrid.es\/export\/sites\/metro\/comun\/documentos\/planos\/Planoesquematicoespanol.pdf\" target=\"_blank\" rel=\"noopener\" data-auth=\"NotApplicable\" data-linkindex=\"0\">aqu\u00ed<\/a>\u00a0para acceder a un mapa de metro de Madrid.<\/p>\n<p><span data-olk-copy-source=\"MessageBody\">No olvides consultar antes si las l\u00edneas no tienen ningun incidencia durante los d\u00edas de tu estancia.<\/span>[\/vc_column_text]<div class=\"evc-icon-list evc-shortcode \">\n\t<div class=\"evc-il-item  \" >\n\t<div class=\"evc-ili-inner\">\n\t\t\t<span class=\"evc-ili-icon-wrapper\" style=\"font-size: 30px;color: #1e5795\">\n\t\t<span class=\"evc-ili-icon fa fa-car\"><\/span>\n\t<\/span>\n\t\t\t<span class=\"evc-ili-text\" >En coche:<\/span>\n\t\t\t<\/div>\n<\/div>\n<\/div>\n[vc_column_text]<b><span data-olk-copy-source=\"MessageBody\">Coordenadas GPS del hotel:<\/span><\/b>\u00a040.435455\u00b0N\u00a0 -3.663996\u00b0O<br \/>\n<b><\/b><\/p>\n<p><b>Parking:<\/b>\u00a0fuera de las instalaciones, 4,08 \u20ac + IVA\/d\u00eda y en las instalaciones por 24\u00a0\u20ac + IVA\/d\u00eda.<\/p>\n<p>Haz clic\u00a0<a title=\"https:\/\/www.google.es\/maps\/place\/Hotel+NH+Madrid+Ventas\/@40.435455,-3.6645432,19z\/am=t\/data=%214m13%211m7%213m6%211s0x0:0x0%212zNDDCsDI2JzA3LjYiTiAzwrAzOSc1MC40Ilc%213b1%218m2%213d40.435455%214d-3.663996%213m4%211s0x0:0x8310a8852e41d47f%218m2%213d40.435543%214d-3.663833\" href=\"https:\/\/www.google.es\/maps\/place\/Hotel+NH+Madrid+Ventas\/@40.435455,-3.6645432,19z\/am=t\/data=%214m13%211m7%213m6%211s0x0:0x0%212zNDDCsDI2JzA3LjYiTiAzwrAzOSc1MC40Ilc%213b1%218m2%213d40.435455%214d-3.663996%213m4%211s0x0:0x8310a8852e41d47f%218m2%213d40.435543%214d-3.663833\" target=\"_blank\" rel=\"noopener\" data-auth=\"NotApplicable\" data-linkindex=\"1\">aqu\u00ed<\/a>\u00a0para ver las indicaciones de c\u00f3mo llegar.[\/vc_column_text][\/vc_column][\/vc_row][vc_row el_class=\u00bbintro-sede\u00bb css=\u00bb.vc_custom_1733743402783{margin-top: 60px !important;}\u00bb][vc_column el_class=\u00bbcolumna-sede\u00bb][vc_column_text]<\/p>\n<h2 style=\"color: #1e5795; padding-bottom: 15px;\"><b><span data-contrast=\"auto\">SEDE TALLERES (27 de marzo)<\/span><\/b><\/h2>\n<p>Los talleres del congreso programados en la tarde del jueves 27 de marzo se realizar\u00e1n en la\u00a0<b>Facultad HM de Ciencias de la Salud-Universidad Camilo Jos\u00e9 Cela<\/b>.[\/vc_column_text][vc_row_inner][vc_column_inner width=\u00bb1\/3&#8243;][vc_single_image image=\u00bb5700&#8243; img_size=\u00bbfull\u00bb alignment=\u00bbright\u00bb css=\u00bb.vc_custom_1733743273768{margin-bottom: 20px !important;}\u00bb][\/vc_column_inner][vc_column_inner width=\u00bb1\/3&#8243;][\/vc_column_inner][vc_column_inner width=\u00bb1\/3&#8243;][\/vc_column_inner][\/vc_row_inner][vc_column_text]La Jornada Sat\u00e9lite de la Asociaci\u00f3n Madrile\u00f1a de Neuropsicolog\u00eda a celebrar en la ma\u00f1ana del jueves 27 de marzo tambi\u00e9n tendr\u00e1 lugar en la\u00a0<b>Facultad HM de Ciencias de la Salud-Universidad Camilo Jos\u00e9 Cela<\/b>.[\/vc_column_text][\/vc_column][\/vc_row][vc_row el_class=\u00bbfondo-columna taller servicios-cuota localizacion\u00bb][vc_column][vc_column_text el_class=\u00bbtitle-inscripcion\u00bb]<\/p>\n<h2 style=\"color: #1e5795; margin-top: 0; margin-bottom: 40px;\"><b><span data-contrast=\"auto\">LOCALIZACI\u00d3N<\/span><\/b><\/h2>\n<p>[\/vc_column_text][vc_column_text]<\/p>\n<p class=\"direccion\"><strong>Direcci\u00f3n<\/strong>: <span data-olk-copy-source=\"MessageBody\">C\/ Almagro, 5. Madrid<\/span>.<\/p>\n<p>[\/vc_column_text]<div class=\"evc-icon-list evc-shortcode \">\n\t<div class=\"evc-il-item  \" >\n\t<div class=\"evc-ili-inner\">\n\t\t\t<span class=\"evc-ili-icon-wrapper\" style=\"font-size: 30px;color: #1e5795\">\n\t\t<span class=\"evc-ili-icon fa fa-car\"><\/span>\n\t<\/span>\n\t\t\t<span class=\"evc-ili-text\" >En coche:<\/span>\n\t\t\t<\/div>\n<\/div>\n<\/div>\n[vc_column_text]<span data-olk-copy-source=\"MessageBody\">Existen varias v\u00edas de acceso en coche: desde la calle Sagasta, desde la Calle G\u00e9nova y desde la Glorieta Rub\u00e9n Dar\u00edo<\/span>.[\/vc_column_text]<div class=\"evc-icon-list evc-shortcode \">\n\t<div class=\"evc-il-item  \" >\n\t<div class=\"evc-ili-inner\">\n\t\t\t<span class=\"evc-ili-icon-wrapper\" style=\"font-size: 30px;color: #1e5795\">\n\t\t<span class=\"evc-ili-icon fa fa-bus\"><\/span>\n\t<\/span>\n\t\t\t<span class=\"evc-ili-text\" >En autob\u00fas:<\/span>\n\t\t\t<\/div>\n<\/div>\n<\/div>\n[vc_column_text]<span data-olk-copy-source=\"MessageBody\">L\u00edneas 3, 7, 21, 37, N23, N25 y N26.<\/span>[\/vc_column_text]<div class=\"evc-icon-list evc-shortcode \">\n\t<div class=\"evc-il-item  \" >\n\t<div class=\"evc-ili-inner\">\n\t\t\t<span class=\"evc-ili-icon-wrapper\" style=\"font-size: 30px;color: #1e5795\">\n\t\t<span class=\"evc-ili-icon fa fa-train\"><\/span>\n\t<\/span>\n\t\t\t<span class=\"evc-ili-text\" >En tren\/metro:<\/span>\n\t\t\t<\/div>\n<\/div>\n<\/div>\n[vc_column_text]<b><span data-olk-copy-source=\"MessageBody\">Metro:<\/span><\/b> Parada Alonso Mart\u00ednez (L\u00edneas 10,4 y 5).<\/p>\n<p><b>Cercan\u00edas<\/b>: Estaci\u00f3n Recoletos.[\/vc_column_text][\/vc_column][\/vc_row]<\/p>\n","protected":false},"excerpt":{"rendered":"<p>[vc_row disable_element=\u00bbyes\u00bb el_class=\u00bbprograma-web prox-footer\u00bb css=\u00bb.vc_custom_1733741604946{margin-top: 0px !important;margin-bottom: 0px !important;border-bottom-width: 0px !important;padding-top: 0px !important;}\u00bb][vc_column][vc_column_text el_class=\u00bbtitle-inscripcion proximamente\u00bb css=\u00bb.vc_custom_1730279025399{margin-top: 0px !important;margin-bottom: 0px !important;padding-top: 0px !important;padding-bottom: 0px !important;}\u00bb]PR\u00d3XIMAMENTE[\/vc_column_text][\/vc_column][\/vc_row][vc_row el_class=\u00bbintro-sede\u00bb][vc_column el_class=\u00bbcolumna-sede\u00bb][vc_column_text] SEDE CONGRESO (28 Y 29 de marzo) Nuestro congreso se celebrar\u00e1 en el prestigioso\u00a0NH Madrid Las Ventas, un lugar excepcionalmente ubicado en el coraz\u00f3n de Madrid, en el barrio&#8230;<\/p>\n","protected":false},"author":3,"featured_media":0,"parent":0,"menu_order":0,"comment_status":"closed","ping_status":"closed","template":"","meta":{"_monsterinsights_skip_tracking":false,"_monsterinsights_sitenote_active":false,"_monsterinsights_sitenote_note":"","_monsterinsights_sitenote_category":0,"footnotes":""},"aioseo_notices":[],"_links":{"self":[{"href":"https:\/\/congresofanpse.org\/2025\/wp-json\/wp\/v2\/pages\/3996"}],"collection":[{"href":"https:\/\/congresofanpse.org\/2025\/wp-json\/wp\/v2\/pages"}],"about":[{"href":"https:\/\/congresofanpse.org\/2025\/wp-json\/wp\/v2\/types\/page"}],"author":[{"embeddable":true,"href":"https:\/\/congresofanpse.org\/2025\/wp-json\/wp\/v2\/users\/3"}],"replies":[{"embeddable":true,"href":"https:\/\/congresofanpse.org\/2025\/wp-json\/wp\/v2\/comments?post=3996"}],"version-history":[{"count":46,"href":"https:\/\/congresofanpse.org\/2025\/wp-json\/wp\/v2\/pages\/3996\/revisions"}],"predecessor-version":[{"id":5766,"href":"https:\/\/congresofanpse.org\/2025\/wp-json\/wp\/v2\/pages\/3996\/revisions\/5766"}],"wp:attachment":[{"href":"https:\/\/congresofanpse.org\/2025\/wp-json\/wp\/v2\/media?parent=3996"}],"curies":[{"name":"wp","href":"https:\/\/api.w.org\/{rel}","templated":true}]}}

<p>[vc_row disable_element=»yes» el_class=»programa-web prox-footer» css=».vc_custom_1733741604946{margin-top: 0px !important;margin-bottom: 0px !important;border-bottom-width: 0px !important;padding-top: 0px !important;}»][vc_column][vc_column_text el_class=»title-inscripcion proximamente» css=».vc_custom_1730279025399{margin-top: 0px !important;margin-bottom: 0px !important;padding-top: 0px !important;padding-bottom: 0px !important;}»]PRÓXIMAMENTE[/vc_column_text][/vc_column][/vc_row][vc_row el_class=»intro-sede»][vc_column el_class=»columna-sede»][vc_column_text]</p>
<h2 style="color: #1e5795; padding-bottom: 15px;"><b><span data-contrast="auto">SEDE CONGRESO (28 Y 29 de marzo)</span></b></h2>
<p>Nuestro congreso se celebrará en el prestigioso <b>NH Madrid Las Ventas</b>, un lugar excepcionalmente ubicado en el corazón de Madrid, en el barrio de Salamanca, con fácil acceso desde el aeropuerto y principales puntos de la ciudad.</p>
<p>Este moderno espacio ofrece instalaciones de última generación, cómodas salas para reuniones y un servicio impecable, ideal para garantizar el éxito de nuestro congreso.</p>
<p>¡Te esperamos en una sede que combina comodidad, funcionalidad y una ubicación estratégica![/vc_column_text][vc_row_inner][vc_column_inner width=»1/2&#8243;][vc_single_image image=»5699&#8243; img_size=»full» alignment=»right»][/vc_column_inner][vc_column_inner width=»1/2&#8243;][vc_single_image image=»5698&#8243; img_size=»full» alignment=»right»][/vc_column_inner][/vc_row_inner][/vc_column][/vc_row][vc_row el_class=»fondo-columna servicios-cuota localizacion»][vc_column][vc_column_text el_class=»title-inscripcion»]</p>
<h2 style="color: #1e5795; margin-top: 0; margin-bottom: 40px;"><b><span data-contrast="auto">LOCALIZACIÓN</span></b></h2>
<p>[/vc_column_text][vc_column_text]</p>
<p class="direccion"><strong>Dirección</strong>: <span data-olk-copy-source="MessageBody">C/ de Biarritz, 2. Madrid</span>.</p>
<p>[/vc_column_text]<div class="evc-icon-list evc-shortcode ">
	<div class="evc-il-item  " >
	<div class="evc-ili-inner">
			<span class="evc-ili-icon-wrapper" style="font-size: 30px;color: #1e5795">
		<span class="evc-ili-icon fa fa-plane"></span>
	</span>
			<span class="evc-ili-text" >Desde el aeropuerto:</span>
			</div>
</div>
</div>
[vc_column_text]<strong>Metro</strong>: <span data-olk-copy-source="MessageBody">L8 a Nuevos Ministerios y luego L6 de metro hasta Diego de León. Tardarás 46 minutos en total. Si vas a pasar varios días en la ciudad te recomendamos comprar el billete T10 de 10 trayectos válido para varios viajeros (12,20€). También sirve para el metro</span>.</p>
<p><b data-olk-copy-source="MessageBody">Taxi:</b> el trayecto dura entre 20 y 30 minutos y cuesta unos 30€.</p>
<p><b data-olk-copy-source="MessageBody">Autobús del aeropuerto:</b> con paradas en Atocha, Cibeles (nocturnos) y O´Donnell-Doctor Esquerdo hasta la T1, T2 y T4 con un coste de 5€.</p>
<p><b>Autobús: </b>línea 200 hasta Avd América y luego L7 de metro hasta la parada de Parque de las Avenidas. El trayecto tiene una duración de 53 minutos.[/vc_column_text]<div class="evc-icon-list evc-shortcode ">
	<div class="evc-il-item  " >
	<div class="evc-ili-inner">
			<span class="evc-ili-icon-wrapper" style="font-size: 30px;color: #1e5795">
		<span class="evc-ili-icon fa fa-train"></span>
	</span>
			<span class="evc-ili-text" >Desde la estación de tren:</span>
			</div>
</div>
</div>
[vc_column_text]<b><span data-olk-copy-source="MessageBody">Desde Atocha:</span></b> cercanías C3 o C4 hasta Puerta del Sol y luego L2 de metro hasta Ventas.<br />
<b></b></p>
<p><b>Estación de metro más cercana:</b> Ventas (L2).</p>
<p>Si vas a pasar varios días en la ciudad te recomendamos comprar el billete T10 de 10 trayectos válido para varios viajeros (12,20€). Es más económico que un billete individual (1,50€).</p>
<p>Haz clic <a title="https://www.metromadrid.es/export/sites/metro/comun/documentos/planos/Planoesquematicoespanol.pdf" href="https://www.metromadrid.es/export/sites/metro/comun/documentos/planos/Planoesquematicoespanol.pdf" target="_blank" rel="noopener" data-auth="NotApplicable" data-linkindex="0">aquí</a> para acceder a un mapa de metro de Madrid.</p>
<p><span data-olk-copy-source="MessageBody">No olvides consultar antes si las líneas no tienen ningun incidencia durante los días de tu estancia.</span>[/vc_column_text]<div class="evc-icon-list evc-shortcode ">
	<div class="evc-il-item  " >
	<div class="evc-ili-inner">
			<span class="evc-ili-icon-wrapper" style="font-size: 30px;color: #1e5795">
		<span class="evc-ili-icon fa fa-car"></span>
	</span>
			<span class="evc-ili-text" >En coche:</span>
			</div>
</div>
</div>
[vc_column_text]<b><span data-olk-copy-source="MessageBody">Coordenadas GPS del hotel:</span></b> 40.435455°N  -3.663996°O<br />
<b></b></p>
<p><b>Parking:</b> fuera de las instalaciones, 4,08 € + IVA/día y en las instalaciones por 24 € + IVA/día.</p>
<p>Haz clic <a title="https://www.google.es/maps/place/Hotel+NH+Madrid+Ventas/@40.435455,-3.6645432,19z/am=t/data=%214m13%211m7%213m6%211s0x0:0x0%212zNDDCsDI2JzA3LjYiTiAzwrAzOSc1MC40Ilc%213b1%218m2%213d40.435455%214d-3.663996%213m4%211s0x0:0x8310a8852e41d47f%218m2%213d40.435543%214d-3.663833" href="https://www.google.es/maps/place/Hotel+NH+Madrid+Ventas/@40.435455,-3.6645432,19z/am=t/data=%214m13%211m7%213m6%211s0x0:0x0%212zNDDCsDI2JzA3LjYiTiAzwrAzOSc1MC40Ilc%213b1%218m2%213d40.435455%214d-3.663996%213m4%211s0x0:0x8310a8852e41d47f%218m2%213d40.435543%214d-3.663833" target="_blank" rel="noopener" data-auth="NotApplicable" data-linkindex="1">aquí</a> para ver las indicaciones de cómo llegar.[/vc_column_text][/vc_column][/vc_row][vc_row el_class=»intro-sede» css=».vc_custom_1733743402783{margin-top: 60px !important;}»][vc_column el_class=»columna-sede»][vc_column_text]</p>
<h2 style="color: #1e5795; padding-bottom: 15px;"><b><span data-contrast="auto">SEDE TALLERES (27 de marzo)</span></b></h2>
<p>Los talleres del congreso programados en la tarde del jueves 27 de marzo se realizarán en la <b>Facultad HM de Ciencias de la Salud-Universidad Camilo José Cela</b>.[/vc_column_text][vc_row_inner][vc_column_inner width=»1/3&#8243;][vc_single_image image=»5700&#8243; img_size=»full» alignment=»right» css=».vc_custom_1733743273768{margin-bottom: 20px !important;}»][/vc_column_inner][vc_column_inner width=»1/3&#8243;][/vc_column_inner][vc_column_inner width=»1/3&#8243;][/vc_column_inner][/vc_row_inner][vc_column_text]La Jornada Satélite de la Asociación Madrileña de Neuropsicología a celebrar en la mañana del jueves 27 de marzo también tendrá lugar en la <b>Facultad HM de Ciencias de la Salud-Universidad Camilo José Cela</b>.[/vc_column_text][/vc_column][/vc_row][vc_row el_class=»fondo-columna taller servicios-cuota localizacion»][vc_column][vc_column_text el_class=»title-inscripcion»]</p>
<h2 style="color: #1e5795; margin-top: 0; margin-bottom: 40px;"><b><span data-contrast="auto">LOCALIZACIÓN</span></b></h2>
<p>[/vc_column_text][vc_column_text]</p>
<p class="direccion"><strong>Dirección</strong>: <span data-olk-copy-source="MessageBody">C/ Almagro, 5. Madrid</span>.</p>
<p>[/vc_column_text]<div class="evc-icon-list evc-shortcode ">
	<div class="evc-il-item  " >
	<div class="evc-ili-inner">
			<span class="evc-ili-icon-wrapper" style="font-size: 30px;color: #1e5795">
		<span class="evc-ili-icon fa fa-car"></span>
	</span>
			<span class="evc-ili-text" >En coche:</span>
			</div>
</div>
</div>
[vc_column_text]<span data-olk-copy-source="MessageBody">Existen varias vías de acceso en coche: desde la calle Sagasta, desde la Calle Génova y desde la Glorieta Rubén Darío</span>.[/vc_column_text]<div class="evc-icon-list evc-shortcode ">
	<div class="evc-il-item  " >
	<div class="evc-ili-inner">
			<span class="evc-ili-icon-wrapper" style="font-size: 30px;color: #1e5795">
		<span class="evc-ili-icon fa fa-bus"></span>
	</span>
			<span class="evc-ili-text" >En autobús:</span>
			</div>
</div>
</div>
[vc_column_text]<span data-olk-copy-source="MessageBody">Líneas 3, 7, 21, 37, N23, N25 y N26.</span>[/vc_column_text]<div class="evc-icon-list evc-shortcode ">
	<div class="evc-il-item  " >
	<div class="evc-ili-inner">
			<span class="evc-ili-icon-wrapper" style="font-size: 30px;color: #1e5795">
		<span class="evc-ili-icon fa fa-train"></span>
	</span>
			<span class="evc-ili-text" >En tren/metro:</span>
			</div>
</div>
</div>
[vc_column_text]<b><span data-olk-copy-source="MessageBody">Metro:</span></b> Parada Alonso Martínez (Líneas 10,4 y 5).</p>
<p><b>Cercanías</b>: Estación Recoletos.[/vc_column_text][/vc_column][/vc_row]</p>

<p>[vc_row disable_element=»yes» el_class=»programa-web prox-footer» css=».vc_custom_1733741604946{margin-top: 0px !important;margin-bottom: 0px !important;border-bottom-width: 0px !important;padding-top: 0px !important;}»][vc_column][vc_column_text el_class=»title-inscripcion proximamente» css=».vc_custom_1730279025399{margin-top: 0px !important;margin-bottom: 0px !important;padding-top: 0px !important;padding-bottom: 0px !important;}»]PRÓXIMAMENTE[/vc_column_text][/vc_column][/vc_row][vc_row el_class=»intro-sede»][vc_column el_class=»columna-sede»][vc_column_text] SEDE CONGRESO (28 Y 29 de marzo) Nuestro congreso se celebrará en el prestigioso NH Madrid Las Ventas, un lugar excepcionalmente ubicado en el corazón de Madrid, en el barrio&#8230;</p>
