{"id":4136,"date":"2023-04-13T14:54:49","date_gmt":"2023-04-13T12:54:49","guid":{"rendered":"https:\/\/congresofanpse.org\/?page_id=4136"},"modified":"2023-07-20T10:27:29","modified_gmt":"2023-07-20T08:27:29","slug":"politica-de-cookies","status":"publish","type":"page","link":"https:\/\/congresofanpse.org\/2024\/politica-de-cookies\/","title":{"rendered":"Pol\u00edtica de cookies"},"content":{"rendered":"<p>[vc_row el_class=\u00bbpoliticas-web\u00bb][vc_column]<div class=\"content-title-element dark size1 center\"><div class=\"title\">Pol\u00edtica de <span>cookies<\/span><\/div><div class=\"separate\"><i class=\"cubes\" aria-hidden=\"true\"><\/i><\/div><\/div>[vc_empty_space height=\u00bb30px\u00bb][vc_column_text]Nuestra web utiliza cookies y en cumplimiento del Art. 22.2 de la Ley 34\/2002, de 11 de julio de servicios de la sociedad de la informaci\u00f3n y de comercio electr\u00f3nico (LSSI), del Reglamento Europeo de Protecci\u00f3n de Datos (RGPD) y siguiendo lo establecido en la gu\u00eda sobre la utilizaci\u00f3n de cookies elaborada por la Agencia Espa\u00f1ola de Protecci\u00f3n de datos, se debe informar al usuario sobre la utilizaci\u00f3n de cookies en las Webs y\u00a0 obtener su consentimiento para la instalaci\u00f3n de las cookies prescindibles. Por ello, en este apartado, vamos a informarle sobre qu\u00e9 son las cookies, cu\u00e1les utilizamos en nuestra web, como aceptarlas, rechazarlas o configurarlas en su dispositivo.<\/p>\n<p><strong>\u00bfQu\u00e9 son las cookies?<\/strong><\/p>\n<p>Una cookie es un peque\u00f1o archivo que se instala en su ordenador, m\u00f3vil o tableta a trav\u00e9s de su navegador, contiene n\u00fameros y letras que identifican su navegaci\u00f3n y env\u00eda informaci\u00f3n de ida y vuelta entre el navegador y los sitios web visitados y que solo puede ser le\u00edda y entendida por el sitio web que la cre\u00f3, no pueden contener virus ni ser ejecutadas, puesto que no son archivos activos.<\/p>\n<p>Pueden servir para diversas finalidades como, por ejemplo, reconocerle como usuario, obtener informaci\u00f3n sobre sus h\u00e1bitos de navegaci\u00f3n, o personalizar la forma en que se muestra el contenido.<\/p>\n<p><strong>Tipos de cookies con car\u00e1cter general<\/strong><\/p>\n<p><u>Seg\u00fan el responsable que las gestione:<\/u><\/p>\n<ul>\n<li><strong>Propias:<\/strong> si somos nosotros quienes las gestionamos<\/li>\n<li><strong>De terceros:<\/strong> si son otros los responsables y nos aporta informaci\u00f3n agregada y estad\u00edstica sobre la navegaci\u00f3n de nuestros usuarios<\/li>\n<\/ul>\n<p><u>Seg\u00fan la finalidad:<\/u><\/p>\n<ul>\n<li><strong>T\u00e9cnicas:<\/strong> permiten la navegaci\u00f3n en nuestra web en base a la plataforma o aplicaci\u00f3n que utilizamos, aportan funcionalidades a la web que de otra manera no te permitir\u00edan navegar, compartir, comprar y tambi\u00e9n aportan seguridad<\/li>\n<li><strong>De preferencias o de personalizaci\u00f3n:<\/strong> permiten elegir idioma preferente, el n\u00famero de resultados por b\u00fasqueda el aspecto o contenido del servicio dependiendo de que navegador utilices o si es desde m\u00f3vil o tableta todo ello para crear un perfil de usuario y recordarte en sucesivas visitas, pero solo si elige esas caracter\u00edsticas.<\/li>\n<li><strong>Estad\u00edsticas o Anal\u00edticas o de medici\u00f3n:<\/strong> permiten elaborar perfiles de usuario en base a sus preferencias o h\u00e1bitos de navegaci\u00f3n, de esta manera nosotros conocemos que partes de la web interesan m\u00e1s a nuestros usuarios, en qu\u00e9 zonas geogr\u00e1ficas act\u00faan, tramos de edad, sexo, navegador utilizado, duraci\u00f3n de la visita etc. y con toda esa informaci\u00f3n agregada y presentada de forma estad\u00edstica podemos mejorar nuestros contenidos para ofrecer mejores servicios.<\/li>\n<li><strong>De marketing:<\/strong> son aquellas que con base en los perfiles de usuario y sus h\u00e1bitos de navegaci\u00f3n extraen informaci\u00f3n agregada para ofrecer publicidad personalizada basada en sus preferencias o intereses de manera que cuando visite nuestra web los espacios publicitarios mostrar\u00e1n informaci\u00f3n que pensamos pueda ser de su inter\u00e9s.<\/li>\n<\/ul>\n<p>Tambi\u00e9n nos sirven para gestionar nuestras campa\u00f1as publicitarias en internet y dirigir nuestros recursos a un sector de p\u00fablico que pensamos pueda estar m\u00e1s interesados en nuestros productos o servicios.<\/p>\n<ul>\n<li><strong>Publicitarias: <\/strong>son aquellas que permiten la gesti\u00f3n, de la forma m\u00e1s eficaz posible, de los espacios publicitarios que, en su caso, el editor haya incluido en una p\u00e1gina web, aplicaci\u00f3n o plataforma desde la que presta el servicio solicitado en base a criterios como el contenido editado o la frecuencia en la que se muestran los anuncios.<\/li>\n<li><strong>De publicidad comportamental<\/strong>: recogen informaci\u00f3n sobre las preferencias y elecciones personales del usuario (retargeting) para permitir la gesti\u00f3n, de la forma m\u00e1s eficaz posible, de los espacios publicitarios que, en su caso, el editor haya incluido en una p\u00e1gina web, aplicaci\u00f3n o plataforma desde la que presta el servicio solicitado.<\/li>\n<li><strong>Sociales<\/strong>: son establecidas por las plataformas de redes sociales en los servicios para permitirle compartir contenido con sus amigos y redes. Las plataformas de medios sociales tienen la capacidad de rastrear su actividad en l\u00ednea fuera de los Servicios. Esto puede afectar al contenido y los mensajes que ve en otros servicios que visita<\/li>\n<li><strong>De afiliados<\/strong>: permiten hacer un seguimiento de las visitas procedentes de otras webs, con las que el sitio web establece un contrato de afiliaci\u00f3n (empresas de afiliaci\u00f3n).<\/li>\n<li><strong>De seguridad<\/strong>: almacenan informaci\u00f3n cifrada para evitar que los datos guardados en ellas sean vulnerables a ataques maliciosos de terceros<\/li>\n<\/ul>\n<p><u>Seg\u00fan el plazo de tiempo que permanecen activas:<\/u><\/p>\n<ul>\n<li><strong>De sesi\u00f3n:<\/strong> las que permanecen activas mientras navega en cada sesi\u00f3n y luego desaparecen<\/li>\n<li><strong>Persistentes:<\/strong> las que se quedan en el ordenador\/ dispositivo por un tiempo mayor para realizar un seguimiento continuo, siempre y cuando vuelvas a navegar en nuestra web<\/li>\n<\/ul>\n<p><strong>\u00bfQu\u00e9 tipos de cookies utilizamos en nuestra web?<\/strong><\/p>\n<p><strong><img decoding=\"async\" loading=\"lazy\" class=\"alignnone size-full wp-image-4148\" src=\"https:\/\/congresofanpse.org\/2024\/wp-content\/uploads\/2023\/04\/cookie1.png\" alt=\"\" width=\"734\" height=\"161\" srcset=\"https:\/\/congresofanpse.org\/2024\/wp-content\/uploads\/2023\/04\/cookie1.png 734w, https:\/\/congresofanpse.org\/2024\/wp-content\/uploads\/2023\/04\/cookie1-300x66.png 300w\" sizes=\"(max-width: 734px) 100vw, 734px\" \/><img decoding=\"async\" loading=\"lazy\" class=\"alignnone size-full wp-image-4149\" src=\"https:\/\/congresofanpse.org\/2024\/wp-content\/uploads\/2023\/04\/cookie2.png\" alt=\"\" width=\"735\" height=\"374\" srcset=\"https:\/\/congresofanpse.org\/2024\/wp-content\/uploads\/2023\/04\/cookie2.png 735w, https:\/\/congresofanpse.org\/2024\/wp-content\/uploads\/2023\/04\/cookie2-300x153.png 300w\" sizes=\"(max-width: 735px) 100vw, 735px\" \/><img decoding=\"async\" loading=\"lazy\" class=\"alignnone size-full wp-image-4150\" src=\"https:\/\/congresofanpse.org\/2024\/wp-content\/uploads\/2023\/04\/cookie3.png\" alt=\"\" width=\"734\" height=\"139\" srcset=\"https:\/\/congresofanpse.org\/2024\/wp-content\/uploads\/2023\/04\/cookie3.png 734w, https:\/\/congresofanpse.org\/2024\/wp-content\/uploads\/2023\/04\/cookie3-300x57.png 300w\" sizes=\"(max-width: 734px) 100vw, 734px\" \/><\/strong><\/p>\n<p><strong>COOKIES UTILIZADAS EN ESTE SITIO WEB<\/strong><\/p>\n<p><strong>COOKIES CONTROLADAS POR EL EDITOR<\/strong><\/p>\n<p><strong>Anal\u00edticas<\/strong><\/p>\n<table width=\"100%\">\n<tbody>\n<tr>\n<td width=\"19%\"><strong>Propiedad<\/strong><\/td>\n<td width=\"17%\"><strong>Cookie<\/strong><\/td>\n<td><strong>Finalidad<\/strong><\/td>\n<td width=\"15%\"><strong>Plazo<\/strong><\/td>\n<\/tr>\n<tr>\n<td>congresofanpse.org\/2024<\/td>\n<td><strong>_ga<\/strong><\/td>\n<td>ID utiliza para identificar a los usuarios<\/td>\n<td>en un a\u00f1o<\/td>\n<\/tr>\n<tr>\n<td>congresofanpse.org\/2024<\/td>\n<td><strong>_gat<\/strong><\/td>\n<td>Se utiliza para monitorizar el n\u00famero de peticiones al servidor de Google Analytics cuando se utiliza el Administrador de etiquetas Google<\/td>\n<td>Sesi\u00f3n<\/td>\n<\/tr>\n<tr>\n<td>congresofanpse.org\/2024<\/td>\n<td><strong>_gid<\/strong><\/td>\n<td>ID utiliza para identificar a los usuarios durante 24 horas despu\u00e9s de la \u00faltima actividad<\/td>\n<td>en 22 horas<\/td>\n<\/tr>\n<\/tbody>\n<\/table>\n<p><strong>Cookies de terceros<\/strong><\/p>\n<p>Los servicios de terceros son ajenos al control del editor. Los proveedores pueden modificar en todo momento sus condiciones de servicio, finalidad y utilizaci\u00f3n de las cookies etc. A continuaci\u00f3n, les facilitamos enlace a las pol\u00edticas de privacidad de los proveedores externos de este sitio Web.<\/p>\n<p><strong>Proveedores externos de este sitio web:<\/strong><\/p>\n<table width=\"100%\">\n<tbody>\n<tr>\n<td><strong>Editor<\/strong><\/td>\n<td><strong>Pol\u00edtica de privacidad<\/strong><\/td>\n<\/tr>\n<tr>\n<td>Google Analytics<\/td>\n<td><a href=\"https:\/\/privacy.google.com\/take-control.html\" target=\"_blank\" rel=\"noopener\">https:\/\/privacy.google.com\/take-control.html<\/a><\/td>\n<\/tr>\n<\/tbody>\n<\/table>\n<p><strong>Modificar la selecci\u00f3n y el consentimiento prestado en relaci\u00f3n con las cookies<\/strong><\/p>\n<p>A trav\u00e9s de la opci\u00f3n <strong>gestionar consentimiento<\/strong>, disponible en la pantalla de aviso sobre cookies que aparece al inicio de la navegaci\u00f3n en nuestra Web puede seleccionar las cookies que desea aceptar y las que desea rechazar. Puede modificar su selecci\u00f3n de cookies y el consentimiento prestado a trav\u00e9s de nuestro configurador\/ gestor de consentimiento de cookies, entrando de nuevo en el mismo, ya que en cada nueva visita aparecer\u00e1 en el margen inferior derecho y podr\u00e1 cambiar su selecci\u00f3n marcando el bot\u00f3n \u201cgestionar consentimiento \u201c<\/p>\n<p>Las cookies necesarias no podr\u00e1n ser desactivadas, ya que la p\u00e1gina web no puede funcionar adecuadamente sin estas cookies.<\/p>\n<p><strong>Informaci\u00f3n complementaria sobre la forma de aceptar, denegar, revocar el consentimiento o eliminar las cookies<\/strong><\/p>\n<p>Puede usted permitir o bloquear las cookies, as\u00ed como borrar sus datos de navegaci\u00f3n (incluidas las cookies) desde el navegador que usted utiliza. Consulte las opciones e instrucciones que ofrece su navegador para ello. Tenga en cuenta que, si acepta las cookies de terceros, deber\u00e1 eliminarlas desde las opciones del navegador.<\/p>\n<table width=\"100%\">\n<tbody>\n<tr>\n<td colspan=\"2\" width=\"100%\"><strong>C\u00d3MO GESTIONAR LAS COOKIES DESDE EL NAVEGADOR<\/strong><\/td>\n<\/tr>\n<tr>\n<td width=\"30\"><strong>Eliminar las cookies del dispositivo <\/strong><\/td>\n<td width=\"70%\">Las cookies que ya est\u00e1n en un dispositivo se pueden eliminar borrando el historial del navegador, con lo que se suprimen las cookies de todos los sitios web visitados.<br \/>\nSin embargo, tambi\u00e9n se puede perder parte de la informaci\u00f3n guardada (por ejemplo, los datos de inicio de sesi\u00f3n o las preferencias de sitio web).<\/td>\n<\/tr>\n<tr>\n<td width=\"30%\"><strong>Gestionar las cookies espec\u00edficas del sitio <\/strong><\/td>\n<td width=\"70%\">Para tener un control m\u00e1s preciso de las cookies espec\u00edficas de cada sitio, los usuarios pueden ajustar su configuraci\u00f3n de privacidad y cookies en el navegador.<\/td>\n<\/tr>\n<tr>\n<td width=\"30%\"><strong>Bloquear las cookies <\/strong><\/td>\n<td width=\"70%\">Aunque la mayor\u00eda de los navegadores modernos se pueden configurar para evitar que se instalen cookies en los dispositivos, eso puede obligar al ajuste manual de determinadas preferencias cada vez que se visite un sitio o p\u00e1gina. Adem\u00e1s, algunos servicios y caracter\u00edsticas pueden no funcionar correctamente (por ejemplo, los inicios de sesi\u00f3n con perfil).<\/td>\n<\/tr>\n<\/tbody>\n<\/table>\n<table width=\"100%\">\n<tbody>\n<tr>\n<td colspan=\"2\" width=\"100%\"><strong>C\u00d3MO ELIMINAR LAS COOKIES DE LOS NAVEGADORES M\u00c1S COMUNES<\/strong><\/td>\n<\/tr>\n<tr>\n<td width=\"15%\"><strong>Chrome<\/strong><\/td>\n<td width=\"85%\"><a href=\"http:\/\/support.google.com\/chrome\/answer\/95647?hl=es\" target=\"_blank\" rel=\"noopener\">http:\/\/support.google.com\/chrome\/answer\/95647?hl=es<\/a><\/td>\n<\/tr>\n<tr>\n<td width=\"15%\"><strong>Edge<\/strong><\/td>\n<td width=\"85%\"><a href=\"https:\/\/support.microsoft.com\/es-es\/microsoft-edge\/eliminar-las-cookies-en-microsoft-edge-63947406-40ac-c3b8-57b9-2a946a29ae09\" target=\"_blank\" rel=\"noopener\">https:\/\/support.microsoft.com\/es-es\/microsoft-edge\/eliminar-las-cookies-en-microsoft-edge-63947406-40ac-c3b8-57b9-2a946a29ae09<\/a><\/td>\n<\/tr>\n<tr>\n<td width=\"15%\"><strong>Explorer<\/strong><\/td>\n<td width=\"85%\"><a href=\"https:\/\/support.microsoft.com\/es-es\/help\/278835\/how-to-delete-cookie-files-in-internet-explorer\" target=\"_blank\" rel=\"noopener\">https:\/\/support.microsoft.com\/es-es\/help\/278835\/how-to-delete-cookie-files-in-internet-explorer<\/a><\/td>\n<\/tr>\n<tr>\n<td width=\"15%\"><strong>Firefox <\/strong><\/td>\n<td width=\"85%\"><a href=\"https:\/\/www.mozilla.org\/es-ES\/privacy\/websites\/#cookies\" target=\"_blank\" rel=\"noopener\">https:\/\/www.mozilla.org\/es-ES\/privacy\/websites\/#cookies<\/a><\/td>\n<\/tr>\n<tr>\n<td width=\"15%\"><strong>Safari<\/strong><\/td>\n<td width=\"85%\"><a href=\"https:\/\/support.apple.com\/es-es\/guide\/safari\/sfri11471\/mac\" target=\"_blank\" rel=\"noopener\">https:\/\/support.apple.com\/es-es\/guide\/safari\/sfri11471\/mac<\/a><\/td>\n<\/tr>\n<tr>\n<td width=\"15%\"><strong>Opera<\/strong><\/td>\n<td width=\"85%\"><a href=\"https:\/\/help.opera.com\/en\/latest\/security-and-privacy\/#clearBrowsingData\" target=\"_blank\" rel=\"noopener\">https:\/\/help.opera.com\/en\/latest\/security-and-privacy\/#clearBrowsingData<\/a><\/td>\n<\/tr>\n<\/tbody>\n<\/table>\n<p>En el navegador que utilice en su ordenador<\/p>\n<table>\n<tbody>\n<tr>\n<td width=\"154\"><strong>Internet Explorer<\/strong><\/td>\n<td width=\"162\"><a href=\"https:\/\/support.microsoft.com\/es-es\/help\/17442\/windows-internet-explorer-delete-manage-cookies\" target=\"_blank\" rel=\"noopener\">M\u00e1s informaci\u00f3n<\/a><\/td>\n<\/tr>\n<tr>\n<td width=\"154\"><strong>Firefox<\/strong><\/td>\n<td width=\"162\"><a href=\"http:\/\/support.mozilla.org\/es\/kb\/habilitar-y-deshabilitar-cookies-que-los-sitios-we\" target=\"_blank\" rel=\"noopener\">M\u00e1s Informaci\u00f3n<\/a><\/td>\n<\/tr>\n<tr>\n<td width=\"154\"><strong>Chrome<\/strong><\/td>\n<td width=\"162\"><a href=\"https:\/\/support.google.com\/chrome\/answer\/95647?hl=es\" target=\"_blank\" rel=\"noopener\">M\u00e1s informaci\u00f3n<\/a><\/td>\n<\/tr>\n<tr>\n<td width=\"154\"><strong>Opera<\/strong><\/td>\n<td width=\"162\"><a href=\"http:\/\/help.opera.com\/Linux\/10.60\/es-ES\/cookies.html\" target=\"_blank\" rel=\"noopener\">M\u00e1s informaci\u00f3n<\/a><\/td>\n<\/tr>\n<tr>\n<td width=\"154\"><strong>Safari<\/strong><\/td>\n<td width=\"162\"><a href=\"https:\/\/support.apple.com\/es-es\/HT201265\" target=\"_blank\" rel=\"noopener\">M\u00e1s Informaci\u00f3n<\/a><\/td>\n<\/tr>\n<\/tbody>\n<\/table>\n<p>En el navegador que utilice en su m\u00f3vil o tableta<\/p>\n<table>\n<tbody>\n<tr>\n<td width=\"123\"><\/td>\n<td width=\"170\">\u00a0\u00a0\u00a0\u00a0\u00a0\u00a0\u00a0\u00a0\u00a0\u00a0\u00a0\u00a0 ANDROID<\/td>\n<td width=\"180\">IPHONE Y IPAD<\/td>\n<\/tr>\n<tr>\n<td width=\"123\">Firefox<\/td>\n<td width=\"170\"><a href=\"https:\/\/support.mozilla.org\/es\/kb\/habilitar-o-deshabilitar-cookies-en-firefox-para-android\" target=\"_blank\" rel=\"noopener\">M\u00e1s informaci\u00f3n<\/a><\/td>\n<td width=\"180\"><a href=\"https:\/\/support.mozilla.org\/es\/kb\/limpia-historial-de-navegacion-web-en-firefox-para-ios\" target=\"_blank\" rel=\"noopener\">M\u00e1s Informaci\u00f3n<\/a><\/td>\n<\/tr>\n<tr>\n<td width=\"123\">Chrome<\/td>\n<td width=\"170\"><a href=\"https:\/\/support.google.com\/chrome\/answer\/95647?co=GENIE.Platform%3DAndroid&amp;hl=es-419&amp;oco=0\" target=\"_blank\" rel=\"noopener\">M\u00e1s informaci\u00f3n<\/a><\/td>\n<td width=\"180\"><a href=\"https:\/\/support.google.com\/chrome\/answer\/95647?co=GENIE.Platform%3DiOS&amp;hl=es-419&amp;oco=0\" target=\"_blank\" rel=\"noopener\">M\u00e1s Informaci\u00f3n<\/a><\/td>\n<\/tr>\n<tr>\n<td width=\"123\">Opera<\/td>\n<td width=\"170\"><a href=\"http:\/\/help.opera.com\/Linux\/10.60\/es-ES\/cookies.html\" target=\"_blank\" rel=\"noopener\">M\u00e1s Informaci\u00f3n<\/a><\/td>\n<td width=\"180\"><a href=\"http:\/\/help.opera.com\/Windows\/11.50\/es-ES\/cookies.html\" target=\"_blank\" rel=\"noopener\">M\u00e1s Informaci\u00f3n<\/a><\/td>\n<\/tr>\n<tr>\n<td width=\"123\">Safari<\/td>\n<td width=\"170\"><\/td>\n<td width=\"180\"><a href=\"https:\/\/support.apple.com\/es-es\/HT201265\" target=\"_blank\" rel=\"noopener\">M\u00e1s Informaci\u00f3n<\/a><\/td>\n<\/tr>\n<\/tbody>\n<\/table>\n<p>Tambi\u00e9n existe la alternativa de navegaci\u00f3n en modo privado. Este modo permite navegar a trav\u00e9s de las p\u00e1ginas de modo an\u00f3nimo. A continuaci\u00f3n, indicamos los enlaces para activar el modo inc\u00f3gnito de los principales navegadores:<\/p>\n<table>\n<tbody>\n<tr>\n<td width=\"189\"><strong>Explorador<\/strong><\/td>\n<td width=\"189\"><strong>Modo<\/strong><\/td>\n<td width=\"189\"><strong>Enlace<\/strong><\/td>\n<\/tr>\n<tr>\n<td width=\"189\">Explorer<\/td>\n<td width=\"189\">InPrivate<\/td>\n<td width=\"189\"><a href=\"https:\/\/support.microsoft.com\/es-es\/help\/17479\/windows-internet-explorer-11-change-security-privacy-settings\" target=\"_blank\" rel=\"noopener\">M\u00e1s Informaci\u00f3n<\/a><\/td>\n<\/tr>\n<tr>\n<td width=\"189\">Firefox<\/td>\n<td width=\"189\">Navegaci\u00f3n Privada<\/td>\n<td width=\"189\"><a href=\"https:\/\/support.mozilla.org\/es\/kb\/navegacion-privada-Firefox-no-guardar-historial-navegacion?redirectlocale=en-US&amp;as=u&amp;redirectslug=Private+Browsing&amp;utm_source=inproduct\" target=\"_blank\" rel=\"noopener\">M\u00e1s Informaci\u00f3n<\/a><\/td>\n<\/tr>\n<tr>\n<td width=\"189\">Chrome<\/td>\n<td width=\"189\">Modo Inc\u00f3gnito<\/td>\n<td width=\"189\"><a href=\"https:\/\/support.google.com\/chrome\/answer\/95464?hl=es\" target=\"_blank\" rel=\"noopener\">M\u00e1s Informaci\u00f3n <\/a><\/td>\n<\/tr>\n<tr>\n<td width=\"189\">Safari<\/td>\n<td width=\"189\">Navegaci\u00f3n Privada<\/td>\n<td width=\"189\"><a href=\"https:\/\/support.apple.com\/kb\/PH17168?locale=en_US&amp;viewlocale=es_ES\" target=\"_blank\" rel=\"noopener\">M\u00e1s Informaci\u00f3n<\/a><\/td>\n<\/tr>\n<tr>\n<td width=\"189\">Opera<\/td>\n<td width=\"189\">Navegaci\u00f3n Privada<\/td>\n<td width=\"189\"><a href=\"http:\/\/help.opera.com\/Windows\/12.00\/es-ES\/private.html\" target=\"_blank\" rel=\"noopener\">M\u00e1s Informaci\u00f3n<\/a><\/td>\n<\/tr>\n<\/tbody>\n<\/table>\n<ul>\n<li>Transferencias internacionales de datos. Puede obtener informaci\u00f3n de las transferencias a terceros pa\u00edses que, en su caso, se realizan por los acuerdos de encargo con terceros identificados en esta pol\u00edtica de cookies e informadas en sus correspondientes pol\u00edticas de privacidad (ver en los enlaces facilitados en los cuadros de cookies precedentes). Intentamos que todas se acojan a las cl\u00e1usulas contractuales tipo vigentes de la Comisi\u00f3n Europea para la transferencia de datos personales a los encargados del tratamiento establecidos en terceros pa\u00edses.<\/li>\n<li>No utilizamos ning\u00fan tipo de cookie, rastreador o similar que elabore perfiles con efectos jur\u00eddicos para nuestros usuarios<\/li>\n<li>Informaci\u00f3n sobre los periodos de conservaci\u00f3n: Cada servicio establece sus propios periodos de conservaci\u00f3n de las cookies y quedan reflejados en el cuadro de cookies<\/li>\n<li>En relaci\u00f3n con el ejercicio de sus derechos: Podr\u00e1 ejercer sus derechos ante el responsable del tratamiento tal y como indicamos en el apartado de derechos que hemos incluido dentro de la pol\u00edtica de privacidad.<\/li>\n<li>El consentimiento prestado en relaci\u00f3n con las cookies podr\u00e1 ser revocado en cualquier momento, para ello tendr\u00e1 que entrar en la configuraci\u00f3n de su navegador, borrar el historial de navegaci\u00f3n y modificar las preferencias sobre instalaci\u00f3n de cookies en el apartado de privacidad o bien hacerlo a trav\u00e9s del gestor de cookies, revocando su consentimiento mediante el rechazo de las cookies.<\/li>\n<\/ul>\n<p>&nbsp;<\/p>\n<p><strong>\u00daltima actualizaci\u00f3n: 13 de abril de 2023.<\/strong><\/p>\n<p><a href=\"#_ftnref1\" name=\"_ftn1\"><\/a><a href=\"#_ftnref3\" name=\"_ftn3\"><\/a>[\/vc_column_text][\/vc_column][\/vc_row]<\/p>\n","protected":false},"excerpt":{"rendered":"<p>[vc_row el_class=\u00bbpoliticas-web\u00bb][vc_column][vc_empty_space height=\u00bb30px\u00bb][vc_column_text]Nuestra web utiliza cookies y en cumplimiento del Art. 22.2 de la Ley 34\/2002, de 11 de julio de servicios de la sociedad de la informaci\u00f3n y de comercio electr\u00f3nico (LSSI), del Reglamento Europeo de Protecci\u00f3n de Datos (RGPD) y siguiendo lo establecido en la gu\u00eda sobre la utilizaci\u00f3n de cookies elaborada por&#8230;<\/p>\n","protected":false},"author":3,"featured_media":0,"parent":0,"menu_order":0,"comment_status":"closed","ping_status":"closed","template":"","meta":{"_monsterinsights_skip_tracking":false,"_monsterinsights_sitenote_active":false,"_monsterinsights_sitenote_note":"","_monsterinsights_sitenote_category":0,"footnotes":""},"aioseo_notices":[],"_links":{"self":[{"href":"https:\/\/congresofanpse.org\/2024\/wp-json\/wp\/v2\/pages\/4136"}],"collection":[{"href":"https:\/\/congresofanpse.org\/2024\/wp-json\/wp\/v2\/pages"}],"about":[{"href":"https:\/\/congresofanpse.org\/2024\/wp-json\/wp\/v2\/types\/page"}],"author":[{"embeddable":true,"href":"https:\/\/congresofanpse.org\/2024\/wp-json\/wp\/v2\/users\/3"}],"replies":[{"embeddable":true,"href":"https:\/\/congresofanpse.org\/2024\/wp-json\/wp\/v2\/comments?post=4136"}],"version-history":[{"count":4,"href":"https:\/\/congresofanpse.org\/2024\/wp-json\/wp\/v2\/pages\/4136\/revisions"}],"predecessor-version":[{"id":4151,"href":"https:\/\/congresofanpse.org\/2024\/wp-json\/wp\/v2\/pages\/4136\/revisions\/4151"}],"wp:attachment":[{"href":"https:\/\/congresofanpse.org\/2024\/wp-json\/wp\/v2\/media?parent=4136"}],"curies":[{"name":"wp","href":"https:\/\/api.w.org\/{rel}","templated":true}]}}