{"id":4134,"date":"2023-04-13T14:37:39","date_gmt":"2023-04-13T12:37:39","guid":{"rendered":"https:\/\/congresofanpse.org\/?page_id=4134"},"modified":"2023-10-31T09:51:13","modified_gmt":"2023-10-31T08:51:13","slug":"politica-de-privacidad","status":"publish","type":"page","link":"https:\/\/congresofanpse.org\/2024\/politica-de-privacidad\/","title":{"rendered":"Pol\u00edtica de privacidad"},"content":{"rendered":"<p>[vc_row el_class=\u00bbpoliticas-web\u00bb][vc_column]<div class=\"content-title-element dark size1 center\"><div class=\"title\">Pol\u00edtica de <span>privacidad<\/span><\/div><div class=\"separate\"><i class=\"cubes\" aria-hidden=\"true\"><\/i><\/div><\/div>[vc_empty_space height=\u00bb30px\u00bb][vc_column_text]De acuerdo con lo establecido en el Reglamento (UE) 2016\/679 del Parlamento Europeo y del Consejo, de 27 de abril de 2016, relativo a la protecci\u00f3n de las personas f\u00edsicas en lo que respecta al tratamiento de datos personales y a la libre circulaci\u00f3n de estos datos (RGPD) y LO 3\/2018, de 5 de diciembre, de Protecci\u00f3n de Datos Personales y garant\u00eda de los derechos digitales (LOPDGDD), les informamos sobre el tratamiento que llevaremos a cabo de los datos personales que nos faciliten a trav\u00e9s de esta Web.<\/p>\n<p><strong>RESPONSABLE DEL TRATAMIENTO<\/strong><\/p>\n<p>El responsable del tratamiento de sus datos es <strong>FEDERACI\u00d3N DE ASOCIACIONES DE NEUROPSICOLG\u00cdA ESPA\u00d1OLAS<\/strong> (en adelante FANPSE) con CIF G\u201064854938 domicilio en en C\/ Freixa Llarga, s\/n Hospitalet de Llobregat (08907), Barcelona. Correo electr\u00f3nico <a href=\"mailto:info@congresofanpse.com\">info@congresofanpse.com<\/a>.<\/p>\n<p>Act\u00faa en calidad de encargado del tratamiento de sus datos la empresa Cevents\u00a0 SL, con CIF B98261001, domicilio en Cam\u00ed Vell d&#8217;Albal, 127, 46469 Beniparrell, Valencia, dado que es la entidad a la que FANPSE ha encargado la secretar\u00eda t\u00e9cnica, gesti\u00f3n e inscripciones de su XV Congreso Nacional.<\/p>\n<p><strong>FINALIDAD CON LA QUE TRATAREMOS SUS DATOS<\/strong><\/p>\n<p>Los datos personales que nos facilite a trav\u00e9s del formulario de inscripci\u00f3n ser\u00e1n tratados para las siguientes finalidades:<\/p>\n<ul>\n<li>Gestionar su reserva\/ inscripci\u00f3n al congreso-<\/li>\n<li>Formalizaci\u00f3n de su inscripci\u00f3n al congreso una vez confirmado su pago-<\/li>\n<li>Prestaci\u00f3n del servicio contratado (inscripci\u00f3n para asistencia al XV Congreso Nacional de Neuropsicolog\u00eda), cobro y facturaci\u00f3n del servicio.<\/li>\n<li>Creaci\u00f3n de su registro como usuario identificado para poder acceder a su \u00e1rea personal, lo que le permitir\u00e1 realizar modificaciones en su inscripci\u00f3n, registrarse en talleres, descargar su factura, certificado de asistencia, ponencia, etc.<\/li>\n<li>Facilitarle su acreditaci\u00f3n de acceso al Congreso.<\/li>\n<li>Emisi\u00f3n de su t\u00edtulo de participaci\u00f3n en el Congreso.<\/li>\n<li>Comunicaciones relacionadas con del Congreso.<\/li>\n<li>Para remitirle por cualquier medio, incluidos medios electr\u00f3nicos, informaci\u00f3n sobre las actividades, congresos y noticias del sector de FANPSE en el caso de que haya marcado la casilla correspondiente en el formulario.<\/li>\n<li>Durante el desarrollo del congreso y de las actividades que se incluyen en el mismo, realizaremos fotograf\u00edas y v\u00eddeos en los que pueden aparecer los asistentes, y que podr\u00e1n ser publicados a trav\u00e9s de distintos medios de difusi\u00f3n, tanto en papel como digitales tales como p\u00e1ginas Web de Federaci\u00f3n, perfiles en redes sociales, canales de v\u00eddeo, prensa, televisi\u00f3n, etc. para fines promocionales, formativos o divulgativos.<\/li>\n<\/ul>\n<p>Al existir la modalidad on line de asistencia al Congreso retransmiti\u00e9ndose este en directo para los asistentes que hayan elegido esta modalidad de asistencia, emiti\u00e9ndose la imagen de los ponentes y de los asistentes en modalidad presencial. En el supuesto de que no quiera que su imagen sea publicada, puede oponerse a ello indic\u00e1ndolo al personal que gestiona el evento cuando acuda a este <u>o bien situ\u00e1ndose en las zonas reservadas para personas que no desean que se capte y difunda su imagen<\/u>. Tambi\u00e9n puede con posterioridad ejercer su derecho de oposici\u00f3n a la publicaci\u00f3n de su imagen dirigi\u00e9ndose al correo <a href=\"mailto:info@congresofanpse.com\">info@congresofanpse.com<\/a> con el asunto \u201cbaja im\u00e1genes\u201d.<\/p>\n<p><strong>LEGITIMACI\u00d3N PARA EL TRATAMIENTO DE SUS DATOS<\/strong><\/p>\n<p>El tratamiento de sus datos est\u00e1 legitimado en la aplicaci\u00f3n a petici\u00f3n del interesado de medidas precontractuales (reserva de inscripci\u00f3n al congreso) y\/o la ejecuci\u00f3n de un contrato en el que el interesado es parte (inscripci\u00f3n al congreso una vez confirmado el pago\/ creaci\u00f3n de usuario identificado) (art\u00edculo 6.1 b RGPD).<\/p>\n<p>La base legitimadora del tratamiento de sus datos para el env\u00edo de informaci\u00f3n sobre actividades y servicios FANPSE, es el consentimiento del interesado (art\u00edculo 6.1 a RGPD). Podr\u00e1 revocar con posterioridad el consentimiento otorgado dirigi\u00e9ndose a FANPSE al correo electr\u00f3nico <a href=\"mailto:info@congresofanpse.com\">info@congresofanpse.com<\/a> con el asunto \u201cbaja comunicaciones\u201d.<\/p>\n<p><strong>PLAZO DE CONSERVACI\u00d3N DE LOS DATOS<\/strong><\/p>\n<p>Los datos aportados para la contrataci\u00f3n\/ compra on line de nuestros servicios (inscripci\u00f3n al congreso) ser\u00e1n conservados mientras dure la relaci\u00f3n contractual\/comercial establecida, y con posterioridad, durante los plazos establecidos legalmente y para la resoluci\u00f3n de posibles responsabilidades derivadas de la misma. Los datos relativos a pagos y facturaci\u00f3n se conservar\u00e1n durante los plazos establecidos en la normativa correspondiente en materia econ\u00f3mico\/contable y fiscal.<\/p>\n<p>En los supuestos en que el tratamiento est\u00e1 basado en el consentimiento (env\u00edo de informaci\u00f3n promocional), los datos ser\u00e1n conservados mientras no retire el consentimiento otorgado para su tratamiento. En este supuesto, ser\u00e1n conservados debidamente bloqueados durante el tiempo en que pudieran surgir responsabilidades derivadas del tratamiento, en cumplimiento con la normativa vigente.<\/p>\n<p><strong>COMUNICACIONES DE DATOS<\/strong><\/p>\n<p>Sus datos podr\u00e1n ser comunicados, para cumplir con la relaci\u00f3n establecida y las finalidades indicadas a determinadas empresas como prestadoras de servicios como proveedores de log\u00edstica, transporte, servicios t\u00e9cnicos etc., as\u00ed como en los casos previstos legalmente.<\/p>\n<p><strong>TRANSFERENCIAS INTERNACIONALES DE DATOS<\/strong><\/p>\n<p>No se realizan transferencias internacionales de datos.<\/p>\n<p><strong>DERECHOS DE ACCESO, RECTIFICACI\u00d3N, SUPRESI\u00d3N, LIMITACI\u00d3N, OPOSICI\u00d3N Y PORTABILIDAD<\/strong><\/p>\n<p>Podr\u00e1 ejercer los derechos de acceso, rectificaci\u00f3n, supresi\u00f3n, limitaci\u00f3n y oposici\u00f3n en la direcci\u00f3n de correo electr\u00f3nico <a href=\"mailto:congreso.fanpse@cevents.es\">congreso.fanpse@cevents.es<\/a>, con el asunto \u201cprotecci\u00f3n de datos\u201d o por escrito en la siguiente direcci\u00f3n C\/ Freixa Llarga, s\/n Hospitalet de Llobregat (08907), Barcelona. Cuando el tratamiento est\u00e9 legitimado en el consentimiento o en la ejecuci\u00f3n de un contrato o precontrato y se efect\u00fae por medios automatizados tendr\u00e1 derecho a la portabilidad de sus datos, es decir, a que se le entreguen en formato estructurado, de uso com\u00fan y lectura mec\u00e1nica, incluso a remit\u00edrselos a un nuevo responsable.<\/p>\n<p><strong>DERECHO DE RECLAMACI\u00d3N A LA AUTORIDAD DE CONTROL<\/strong><\/p>\n<p>Podr\u00e1 presentar reclamaci\u00f3n ante la Autoridad de Control en materia de Protecci\u00f3n de Datos competente, especialmente cuando no haya obtenido satisfacci\u00f3n en el ejercicio de sus derechos, mediante escrito dirigido a la Agencia Espa\u00f1ola de Protecci\u00f3n de Datos, C\/Jorge Juan n\u00ba 6, 28001 Madrid o bien accediendo a su sede electr\u00f3nica a trav\u00e9s de la web <a href=\"http:\/\/www.aepd.es\" target=\"_blank\" rel=\"noopener\">www.aepd.es<\/a>.<\/p>\n<p><strong><u>INFORMACI\u00d3N SOBRE EJERCICIO DE DERECHOS<\/u><\/strong><\/p>\n<p><strong>DERECHOS DE LOS INTERESADOS<\/strong><\/p>\n<p>FANPSE facilitar\u00e1 a los interesados que lo soliciten, el ejercicio de sus derechos en virtud de lo establecido en los art\u00edculos 15 y siguientes del RGPD.<\/p>\n<p>El ejercicio de los derechos es personal\u00edsimo, por lo que deber\u00e1 solicitarlo el propio interesado, y en el caso de menores o incapacitados, su representante legal.<\/p>\n<p>Tambi\u00e9n podr\u00e1n ser solicitados mediante representaci\u00f3n voluntaria, debiendo quedar acreditada la identidad del representado y la representaci\u00f3n otorgada.<\/p>\n<h4>MODELOS PARA SOLICITAR EL EJERCICIO DE DERECHOS<\/h4>\n<p>A continuaci\u00f3n, ponemos a su disposici\u00f3n los distintos modelos de formularios elaborados por la Agencia Espa\u00f1ola de Protecci\u00f3n de Datos para la solicitud de ejercicio de derechos y las instrucciones para cumplimentarlos.<\/p>\n<ul>\n<li>Ejercicio del derecho de <a href=\"https:\/\/www.aepd.es\/es\/documento\/formulario-derecho-de-acceso.pdf\" target=\"_blank\" rel=\"noopener\">acceso<\/a>.<\/li>\n<li>Ejercicio del derecho de <a href=\"https:\/\/www.aepd.es\/es\/documento\/formulario-derecho-de-rectificacion.pdf\" target=\"_blank\" rel=\"noopener\">rectificaci\u00f3n.<\/a><\/li>\n<li>Ejercicio del derecho de <a href=\"https:\/\/www.aepd.es\/es\/documento\/formulario-derecho-de-oposicion.pdf\" target=\"_blank\" rel=\"noopener\">oposici\u00f3n<\/a>.<\/li>\n<li>Ejercicio del derecho a la <a href=\"https:\/\/www.aepd.es\/es\/documento\/formulario-derecho-de-limitacion.pdf\" target=\"_blank\" rel=\"noopener\">limitaci\u00f3n<\/a> del tratamiento.<\/li>\n<li>Ejercicio del derecho de <a href=\"https:\/\/www.aepd.es\/es\/documento\/formulario-derecho-de-supresion.pdf\" target=\"_blank\" rel=\"noopener\">supresi\u00f3n<\/a>.<\/li>\n<li>Ejercicio del derecho a no ser objeto de decisiones <a href=\"https:\/\/www.aepd.es\/es\/documento\/formulario-derecho-de-oposicion-decisiones-automatizadas.pdf\" target=\"_blank\" rel=\"noopener\">individuales<\/a> automatizadas.<\/li>\n<li>Ejercicio del derecho a la <a href=\"https:\/\/www.aepd.es\/es\/documento\/formulario-derecho-de-portabilidad.pdf\" target=\"_blank\" rel=\"noopener\">portabilidad<\/a> de los datos<\/li>\n<\/ul>\n<p>&nbsp;<\/p>\n<p><strong>\u00daltima actualizaci\u00f3n: 13 de abril de 2023.<\/strong><\/p>\n<p><a href=\"#_ftnref1\" name=\"_ftn1\"><\/a><a href=\"#_ftnref3\" name=\"_ftn3\"><\/a>[\/vc_column_text][\/vc_column][\/vc_row]<\/p>\n","protected":false},"excerpt":{"rendered":"<p>[vc_row el_class=\u00bbpoliticas-web\u00bb][vc_column][vc_empty_space height=\u00bb30px\u00bb][vc_column_text]De acuerdo con lo establecido en el Reglamento (UE) 2016\/679 del Parlamento Europeo y del Consejo, de 27 de abril de 2016, relativo a la protecci\u00f3n de las personas f\u00edsicas en lo que respecta al tratamiento de datos personales y a la libre circulaci\u00f3n de estos datos (RGPD) y LO 3\/2018, de 5&#8230;<\/p>\n","protected":false},"author":3,"featured_media":0,"parent":0,"menu_order":0,"comment_status":"closed","ping_status":"closed","template":"","meta":{"_monsterinsights_skip_tracking":false,"_monsterinsights_sitenote_active":false,"_monsterinsights_sitenote_note":"","_monsterinsights_sitenote_category":0,"footnotes":""},"aioseo_notices":[],"_links":{"self":[{"href":"https:\/\/congresofanpse.org\/2024\/wp-json\/wp\/v2\/pages\/4134"}],"collection":[{"href":"https:\/\/congresofanpse.org\/2024\/wp-json\/wp\/v2\/pages"}],"about":[{"href":"https:\/\/congresofanpse.org\/2024\/wp-json\/wp\/v2\/types\/page"}],"author":[{"embeddable":true,"href":"https:\/\/congresofanpse.org\/2024\/wp-json\/wp\/v2\/users\/3"}],"replies":[{"embeddable":true,"href":"https:\/\/congresofanpse.org\/2024\/wp-json\/wp\/v2\/comments?post=4134"}],"version-history":[{"count":2,"href":"https:\/\/congresofanpse.org\/2024\/wp-json\/wp\/v2\/pages\/4134\/revisions"}],"predecessor-version":[{"id":5140,"href":"https:\/\/congresofanpse.org\/2024\/wp-json\/wp\/v2\/pages\/4134\/revisions\/5140"}],"wp:attachment":[{"href":"https:\/\/congresofanpse.org\/2024\/wp-json\/wp\/v2\/media?parent=4134"}],"curies":[{"name":"wp","href":"https:\/\/api.w.org\/{rel}","templated":true}]}}

Política de privacidad

<p>[vc_row el_class=»politicas-web»][vc_column]<div class="content-title-element dark size1 center"><div class="title">Política de <span>privacidad</span></div><div class="separate"><i class="cubes" aria-hidden="true"></i></div></div>[vc_empty_space height=»30px»][vc_column_text]De acuerdo con lo establecido en el Reglamento (UE) 2016/679 del Parlamento Europeo y del Consejo, de 27 de abril de 2016, relativo a la protección de las personas físicas en lo que respecta al tratamiento de datos personales y a la libre circulación de estos datos (RGPD) y LO 3/2018, de 5 de diciembre, de Protección de Datos Personales y garantía de los derechos digitales (LOPDGDD), les informamos sobre el tratamiento que llevaremos a cabo de los datos personales que nos faciliten a través de esta Web.</p>
<p><strong>RESPONSABLE DEL TRATAMIENTO</strong></p>
<p>El responsable del tratamiento de sus datos es <strong>FEDERACIÓN DE ASOCIACIONES DE NEUROPSICOLGÍA ESPAÑOLAS</strong> (en adelante FANPSE) con CIF G‐64854938 domicilio en en C/ Freixa Llarga, s/n Hospitalet de Llobregat (08907), Barcelona. Correo electrónico <a href="mailto:info@congresofanpse.com">info@congresofanpse.com</a>.</p>
<p>Actúa en calidad de encargado del tratamiento de sus datos la empresa Cevents  SL, con CIF B98261001, domicilio en Camí Vell d&#8217;Albal, 127, 46469 Beniparrell, Valencia, dado que es la entidad a la que FANPSE ha encargado la secretaría técnica, gestión e inscripciones de su XV Congreso Nacional.</p>
<p><strong>FINALIDAD CON LA QUE TRATAREMOS SUS DATOS</strong></p>
<p>Los datos personales que nos facilite a través del formulario de inscripción serán tratados para las siguientes finalidades:</p>
<ul>
<li>Gestionar su reserva/ inscripción al congreso-</li>
<li>Formalización de su inscripción al congreso una vez confirmado su pago-</li>
<li>Prestación del servicio contratado (inscripción para asistencia al XV Congreso Nacional de Neuropsicología), cobro y facturación del servicio.</li>
<li>Creación de su registro como usuario identificado para poder acceder a su área personal, lo que le permitirá realizar modificaciones en su inscripción, registrarse en talleres, descargar su factura, certificado de asistencia, ponencia, etc.</li>
<li>Facilitarle su acreditación de acceso al Congreso.</li>
<li>Emisión de su título de participación en el Congreso.</li>
<li>Comunicaciones relacionadas con del Congreso.</li>
<li>Para remitirle por cualquier medio, incluidos medios electrónicos, información sobre las actividades, congresos y noticias del sector de FANPSE en el caso de que haya marcado la casilla correspondiente en el formulario.</li>
<li>Durante el desarrollo del congreso y de las actividades que se incluyen en el mismo, realizaremos fotografías y vídeos en los que pueden aparecer los asistentes, y que podrán ser publicados a través de distintos medios de difusión, tanto en papel como digitales tales como páginas Web de Federación, perfiles en redes sociales, canales de vídeo, prensa, televisión, etc. para fines promocionales, formativos o divulgativos.</li>
</ul>
<p>Al existir la modalidad on line de asistencia al Congreso retransmitiéndose este en directo para los asistentes que hayan elegido esta modalidad de asistencia, emitiéndose la imagen de los ponentes y de los asistentes en modalidad presencial. En el supuesto de que no quiera que su imagen sea publicada, puede oponerse a ello indicándolo al personal que gestiona el evento cuando acuda a este <u>o bien situándose en las zonas reservadas para personas que no desean que se capte y difunda su imagen</u>. También puede con posterioridad ejercer su derecho de oposición a la publicación de su imagen dirigiéndose al correo <a href="mailto:info@congresofanpse.com">info@congresofanpse.com</a> con el asunto “baja imágenes”.</p>
<p><strong>LEGITIMACIÓN PARA EL TRATAMIENTO DE SUS DATOS</strong></p>
<p>El tratamiento de sus datos está legitimado en la aplicación a petición del interesado de medidas precontractuales (reserva de inscripción al congreso) y/o la ejecución de un contrato en el que el interesado es parte (inscripción al congreso una vez confirmado el pago/ creación de usuario identificado) (artículo 6.1 b RGPD).</p>
<p>La base legitimadora del tratamiento de sus datos para el envío de información sobre actividades y servicios FANPSE, es el consentimiento del interesado (artículo 6.1 a RGPD). Podrá revocar con posterioridad el consentimiento otorgado dirigiéndose a FANPSE al correo electrónico <a href="mailto:info@congresofanpse.com">info@congresofanpse.com</a> con el asunto “baja comunicaciones”.</p>
<p><strong>PLAZO DE CONSERVACIÓN DE LOS DATOS</strong></p>
<p>Los datos aportados para la contratación/ compra on line de nuestros servicios (inscripción al congreso) serán conservados mientras dure la relación contractual/comercial establecida, y con posterioridad, durante los plazos establecidos legalmente y para la resolución de posibles responsabilidades derivadas de la misma. Los datos relativos a pagos y facturación se conservarán durante los plazos establecidos en la normativa correspondiente en materia económico/contable y fiscal.</p>
<p>En los supuestos en que el tratamiento está basado en el consentimiento (envío de información promocional), los datos serán conservados mientras no retire el consentimiento otorgado para su tratamiento. En este supuesto, serán conservados debidamente bloqueados durante el tiempo en que pudieran surgir responsabilidades derivadas del tratamiento, en cumplimiento con la normativa vigente.</p>
<p><strong>COMUNICACIONES DE DATOS</strong></p>
<p>Sus datos podrán ser comunicados, para cumplir con la relación establecida y las finalidades indicadas a determinadas empresas como prestadoras de servicios como proveedores de logística, transporte, servicios técnicos etc., así como en los casos previstos legalmente.</p>
<p><strong>TRANSFERENCIAS INTERNACIONALES DE DATOS</strong></p>
<p>No se realizan transferencias internacionales de datos.</p>
<p><strong>DERECHOS DE ACCESO, RECTIFICACIÓN, SUPRESIÓN, LIMITACIÓN, OPOSICIÓN Y PORTABILIDAD</strong></p>
<p>Podrá ejercer los derechos de acceso, rectificación, supresión, limitación y oposición en la dirección de correo electrónico <a href="mailto:congreso.fanpse@cevents.es">congreso.fanpse@cevents.es</a>, con el asunto “protección de datos” o por escrito en la siguiente dirección C/ Freixa Llarga, s/n Hospitalet de Llobregat (08907), Barcelona. Cuando el tratamiento esté legitimado en el consentimiento o en la ejecución de un contrato o precontrato y se efectúe por medios automatizados tendrá derecho a la portabilidad de sus datos, es decir, a que se le entreguen en formato estructurado, de uso común y lectura mecánica, incluso a remitírselos a un nuevo responsable.</p>
<p><strong>DERECHO DE RECLAMACIÓN A LA AUTORIDAD DE CONTROL</strong></p>
<p>Podrá presentar reclamación ante la Autoridad de Control en materia de Protección de Datos competente, especialmente cuando no haya obtenido satisfacción en el ejercicio de sus derechos, mediante escrito dirigido a la Agencia Española de Protección de Datos, C/Jorge Juan nº 6, 28001 Madrid o bien accediendo a su sede electrónica a través de la web <a href="http://www.aepd.es" target="_blank" rel="noopener">www.aepd.es</a>.</p>
<p><strong><u>INFORMACIÓN SOBRE EJERCICIO DE DERECHOS</u></strong></p>
<p><strong>DERECHOS DE LOS INTERESADOS</strong></p>
<p>FANPSE facilitará a los interesados que lo soliciten, el ejercicio de sus derechos en virtud de lo establecido en los artículos 15 y siguientes del RGPD.</p>
<p>El ejercicio de los derechos es personalísimo, por lo que deberá solicitarlo el propio interesado, y en el caso de menores o incapacitados, su representante legal.</p>
<p>También podrán ser solicitados mediante representación voluntaria, debiendo quedar acreditada la identidad del representado y la representación otorgada.</p>
<h4>MODELOS PARA SOLICITAR EL EJERCICIO DE DERECHOS</h4>
<p>A continuación, ponemos a su disposición los distintos modelos de formularios elaborados por la Agencia Española de Protección de Datos para la solicitud de ejercicio de derechos y las instrucciones para cumplimentarlos.</p>
<ul>
<li>Ejercicio del derecho de <a href="https://www.aepd.es/es/documento/formulario-derecho-de-acceso.pdf" target="_blank" rel="noopener">acceso</a>.</li>
<li>Ejercicio del derecho de <a href="https://www.aepd.es/es/documento/formulario-derecho-de-rectificacion.pdf" target="_blank" rel="noopener">rectificación.</a></li>
<li>Ejercicio del derecho de <a href="https://www.aepd.es/es/documento/formulario-derecho-de-oposicion.pdf" target="_blank" rel="noopener">oposición</a>.</li>
<li>Ejercicio del derecho a la <a href="https://www.aepd.es/es/documento/formulario-derecho-de-limitacion.pdf" target="_blank" rel="noopener">limitación</a> del tratamiento.</li>
<li>Ejercicio del derecho de <a href="https://www.aepd.es/es/documento/formulario-derecho-de-supresion.pdf" target="_blank" rel="noopener">supresión</a>.</li>
<li>Ejercicio del derecho a no ser objeto de decisiones <a href="https://www.aepd.es/es/documento/formulario-derecho-de-oposicion-decisiones-automatizadas.pdf" target="_blank" rel="noopener">individuales</a> automatizadas.</li>
<li>Ejercicio del derecho a la <a href="https://www.aepd.es/es/documento/formulario-derecho-de-portabilidad.pdf" target="_blank" rel="noopener">portabilidad</a> de los datos</li>
</ul>
<p>&nbsp;</p>
<p><strong>Última actualización: 13 de abril de 2023.</strong></p>
<p><a href="#_ftnref1" name="_ftn1"></a><a href="#_ftnref3" name="_ftn3"></a>[/vc_column_text][/vc_column][/vc_row]</p>

<p>[vc_row el_class=»politicas-web»][vc_column][vc_empty_space height=»30px»][vc_column_text]De acuerdo con lo establecido en el Reglamento (UE) 2016/679 del Parlamento Europeo y del Consejo, de 27 de abril de 2016, relativo a la protección de las personas físicas en lo que respecta al tratamiento de datos personales y a la libre circulación de estos datos (RGPD) y LO 3/2018, de 5&#8230;</p>
