{"id":2919,"date":"2019-01-22T10:06:51","date_gmt":"2019-01-22T09:06:51","guid":{"rendered":"http:\/\/congresofanpse.org\/?page_id=2919"},"modified":"2023-07-20T10:47:54","modified_gmt":"2023-07-20T08:47:54","slug":"premios","status":"publish","type":"page","link":"https:\/\/congresofanpse.org\/2024\/premios\/","title":{"rendered":"Premios"},"content":{"rendered":"<p>[vc_row el_class=\u00bbpremios\u00bb][vc_column][vc_column_text]<\/p>\n<h2>PREMIO JORDI BERNABEU i VERD\u00da<\/h2>\n<p>&nbsp;<\/p>\n<h3>Al mejor P\u00f3ster<\/h3>\n<p>&nbsp;<\/p>\n<p><img decoding=\"async\" loading=\"lazy\" class=\"size-full wp-image-2920 alignleft\" src=\"https:\/\/congresofanpse.org\/2024\/wp-content\/uploads\/2019\/01\/jordi-bernabeu.jpg\" alt=\"Jordi Bernabeu\" width=\"188\" height=\"268\" \/>El premio Jordi Bernabeu i Verd\u00fa se otorga por primera vez en el Congreso FANPSE del 2012 en Madrid, y surge como un peque\u00f1o homenaje a una gran figura de la Neuropsicolog\u00eda de nuestro pa\u00eds.<\/p>\n<p>Jordi Bernabeu (Alcoi, 1971-2011) durante varios a\u00f1os participo\u0301 en numerosos proyectos de investigacio\u0301n relacionados con la Evaluaci\u00f3n y Rehabilitacio\u0301n Neuropsicolo\u0301gica en la Unidad de Oncolog\u00eda Pedi\u00e1trica del Hospital La Fe de Valencia. Presento\u0301 comunicaciones y trabajos en diferentes reuniones nacionales e internacionales como en Italia, Londres, Lyon, EEUU, Portugal etc. A nivel europeo participo\u0301 de forma activa en el grupo de trabajo de Calidad de Vida del SIOP-Brain tumor Committee. Adem\u00e1s, publico\u0301 5 trabajos en revistas nacionales y dio conferencias, cursos, y monogr\u00e1ficos a lo largo de toda la geograf\u00eda espan\u0303ola.<\/p>\n<p>Jordi disfrutaba ense\u00f1ando y compartiendo todo su conocimiento y experiencia, por eso, combinaba su trabajo de investigacio\u0301n con la docencia, en la Universidad de Valencia, en el Departamento de Me\u0301todos y Diagno\u0301stico en Educacio\u0301n. Junto a sus compa\u00f1eros de departamento tambi\u00e9n particip\u00f3 de proyectos y publicaciones.<\/p>\n<p>Adem\u00e1s, Jordi fue impulsor y director de la Unidad de Dan\u0303o Cerebral Infantil Hermanas Hospitalarias de Valencia. Desarrollando una labor impecable y constituyendo un equipo de profesionales que actualmente sigue manteniendo su ideal de trabajo.<\/p>\n<p>En Octubre de 2009, obtuvo el grado de Doctor con su tesis: Impacto del Ca\u0301ncer pedia\u0301trico y su Terape\u0301utica. Calidad de Vida y Secuelas Neuropsicolo\u0301gicas a Corto y Largo Plazo, codirigida por los Drs. Jesu\u0301s Sua\u0301rez y Adela Can\u0303ete y que obtuvo la calificacio\u0301n del Sobresaliente Cum Laude.<\/p>\n<p>Jordi imprim\u00eda la misma energ\u00eda y pasi\u00f3n a su trabajo, ya fuera asistencial, una reuni\u00f3n o tutor\u00eda con un alumno, o una b\u00fasqueda y recogida de informaci\u00f3n para un proyecto de investigaci\u00f3n, hiciera lo que hiciera por su manera de ser, inevitablemente contagiaba a los que estaban cerca, por su constancia, por su capacidad de gesti\u00f3n y resoluci\u00f3n, por su habilidad para generar sonrisas y conexi\u00f3n con los de su alrededor, su continuo apoyo y motor para continuar hacia adelante, por su impecable trabajo como neuropsic\u00f3logo, docente e investigador y sobre todo, por su gran calidad humana y contribuci\u00f3n en el campo de la neuropsicolog\u00eda y en especial en infantil, siendo las familias y los ni\u00f1@s los protagonistas en su proyecto vital.<\/p>\n<p>Sin duda, una corta pero intensa trayectoria, sembrada de muchas aportaciones y contribuciones, siendo para la Societat Valenciana de Neuropsicologia (SVNP) y la Federaci\u00f3n de Asociaciones de Neuropsicolog\u00eda Espa\u00f1olas (FANPSE) un honor, otorgar un premio con su nombre con el objetivo de incentivar y motivar a los profesionales de este campo para que sigan con la misma ilusi\u00f3n y constancia que Jordi demostraba d\u00eda tras d\u00eda. Fomentando que muchos otr@s puedan seguir sus pasos, favoreciendo as\u00ed un cont\u00ednuo de posibilidades y aportaciones a nuestro campo, el de la Neuropsicolog\u00eda. Que sea un ejemplo e inspiraci\u00f3n de excelencia para las actuales y las nuevas generaciones profesionales.<\/p>\n<p class=\"ponencia\"><b>El Premio consistir\u00e1 en una inscripci\u00f3n al XVI Congreso Nacional de Neuropsicolog\u00eda de FANPSE.<\/b><\/p>\n<p>&nbsp;<\/p>\n<h2>PREMIO JUAN MANUEL MU\u00d1OZ C\u00c9SPEDES<\/h2>\n<p>&nbsp;<\/p>\n<h3>A la mejor Comunicaci\u00f3n Oral<\/h3>\n<p>&nbsp;<\/p>\n<p><img decoding=\"async\" loading=\"lazy\" class=\"alignleft size-full wp-image-3028\" src=\"https:\/\/congresofanpse.org\/2024\/wp-content\/uploads\/2019\/02\/juan-manuel-cespedes.jpg\" alt=\"Juan Manuel Cespedes\" width=\"188\" height=\"268\" \/>El premio Juan Manuel Mu\u00f1oz C\u00e9spedes se otorga por primera vez en el Congreso de Fanpse de 2012 en Madrid y surge como un peque\u00f1o homenaje a una gran figura de la Neuropsicolog\u00eda de nuestro pa\u00eds.<\/p>\n<p>Juan Manuel (Madrid, 1965 \u2013 2005), en su corta carrera profesional, tuvo una intensa actividad en diversos \u00e1mbitos de la Neuropsicolog\u00eda del Da\u00f1o Cerebral Adquirido (DCA).<\/p>\n<p>Fue cl\u00ednico (desarrollando gran parte de esta labor en la Unidad de Da\u00f1o Cerebral del Hospital Beata Mar\u00eda Ana de la que era Director), investigador (con numerosas ponencias y posters en congresos internacionales, art\u00edculos publicados), profesor y maestro de diversos cursos de grado (Psicolog\u00eda, Terapia Ocupacional, etc.), postgrado (Universidad Complutense), seminarios y cursos monogr\u00e1ficos, etc.<\/p>\n<p>Pero sobre todo fue una persona de consenso, una persona que cre\u00eda en la suma, en la uni\u00f3n de sinergias, en el trabajo, en la constancia para conseguir un lugar destacado del neuropsic\u00f3logo en diversas realidades.<\/p>\n<p>El reconocimiento que alcanz\u00f3 fue debido, no solo a sus logros profesionales, sino a la calidad de persona que fue.<\/p>\n<p>Todo ello parec\u00edan motivos suficientes para que desde FANPSE, uni\u00f3n de distintas vivencias y experiencias neuropsicol\u00f3gicas, se concediera un premio que lleva su nombre.<\/p>\n<p class=\"ponencia\"><b>El Premio consistir\u00e1 en una inscripci\u00f3n al XVI Congreso Nacional de Neuropsicolog\u00eda de FANPSE.<\/b><\/p>\n<p>[\/vc_column_text][\/vc_column][\/vc_row]<\/p>\n","protected":false},"excerpt":{"rendered":"<p>[vc_row el_class=\u00bbpremios\u00bb][vc_column][vc_column_text] PREMIO JORDI BERNABEU i VERD\u00da &nbsp; Al mejor P\u00f3ster &nbsp; El premio Jordi Bernabeu i Verd\u00fa se otorga por primera vez en el Congreso FANPSE del 2012 en Madrid, y surge como un peque\u00f1o homenaje a una gran figura de la Neuropsicolog\u00eda de nuestro pa\u00eds. Jordi Bernabeu (Alcoi, 1971-2011) durante varios a\u00f1os participo\u0301&#8230;<\/p>\n","protected":false},"author":1,"featured_media":0,"parent":0,"menu_order":0,"comment_status":"closed","ping_status":"closed","template":"","meta":{"_monsterinsights_skip_tracking":false,"_monsterinsights_sitenote_active":false,"_monsterinsights_sitenote_note":"","_monsterinsights_sitenote_category":0,"footnotes":""},"aioseo_notices":[],"_links":{"self":[{"href":"https:\/\/congresofanpse.org\/2024\/wp-json\/wp\/v2\/pages\/2919"}],"collection":[{"href":"https:\/\/congresofanpse.org\/2024\/wp-json\/wp\/v2\/pages"}],"about":[{"href":"https:\/\/congresofanpse.org\/2024\/wp-json\/wp\/v2\/types\/page"}],"author":[{"embeddable":true,"href":"https:\/\/congresofanpse.org\/2024\/wp-json\/wp\/v2\/users\/1"}],"replies":[{"embeddable":true,"href":"https:\/\/congresofanpse.org\/2024\/wp-json\/wp\/v2\/comments?post=2919"}],"version-history":[{"count":14,"href":"https:\/\/congresofanpse.org\/2024\/wp-json\/wp\/v2\/pages\/2919\/revisions"}],"predecessor-version":[{"id":4855,"href":"https:\/\/congresofanpse.org\/2024\/wp-json\/wp\/v2\/pages\/2919\/revisions\/4855"}],"wp:attachment":[{"href":"https:\/\/congresofanpse.org\/2024\/wp-json\/wp\/v2\/media?parent=2919"}],"curies":[{"name":"wp","href":"https:\/\/api.w.org\/{rel}","templated":true}]}}

<p>[vc_row el_class=»premios»][vc_column][vc_column_text]</p>
<h2>PREMIO JORDI BERNABEU i VERDÚ</h2>
<p>&nbsp;</p>
<h3>Al mejor Póster</h3>
<p>&nbsp;</p>
<p><img decoding="async" loading="lazy" class="size-full wp-image-2920 alignleft" src="https://congresofanpse.org/2024/wp-content/uploads/2019/01/jordi-bernabeu.jpg" alt="Jordi Bernabeu" width="188" height="268" />El premio Jordi Bernabeu i Verdú se otorga por primera vez en el Congreso FANPSE del 2012 en Madrid, y surge como un pequeño homenaje a una gran figura de la Neuropsicología de nuestro país.</p>
<p>Jordi Bernabeu (Alcoi, 1971-2011) durante varios años participó en numerosos proyectos de investigación relacionados con la Evaluación y Rehabilitación Neuropsicológica en la Unidad de Oncología Pediátrica del Hospital La Fe de Valencia. Presentó comunicaciones y trabajos en diferentes reuniones nacionales e internacionales como en Italia, Londres, Lyon, EEUU, Portugal etc. A nivel europeo participó de forma activa en el grupo de trabajo de Calidad de Vida del SIOP-Brain tumor Committee. Además, publicó 5 trabajos en revistas nacionales y dio conferencias, cursos, y monográficos a lo largo de toda la geografía española.</p>
<p>Jordi disfrutaba enseñando y compartiendo todo su conocimiento y experiencia, por eso, combinaba su trabajo de investigación con la docencia, en la Universidad de Valencia, en el Departamento de Métodos y Diagnóstico en Educación. Junto a sus compañeros de departamento también participó de proyectos y publicaciones.</p>
<p>Además, Jordi fue impulsor y director de la Unidad de Daño Cerebral Infantil Hermanas Hospitalarias de Valencia. Desarrollando una labor impecable y constituyendo un equipo de profesionales que actualmente sigue manteniendo su ideal de trabajo.</p>
<p>En Octubre de 2009, obtuvo el grado de Doctor con su tesis: Impacto del Cáncer pediátrico y su Terapéutica. Calidad de Vida y Secuelas Neuropsicológicas a Corto y Largo Plazo, codirigida por los Drs. Jesús Suárez y Adela Cañete y que obtuvo la calificación del Sobresaliente Cum Laude.</p>
<p>Jordi imprimía la misma energía y pasión a su trabajo, ya fuera asistencial, una reunión o tutoría con un alumno, o una búsqueda y recogida de información para un proyecto de investigación, hiciera lo que hiciera por su manera de ser, inevitablemente contagiaba a los que estaban cerca, por su constancia, por su capacidad de gestión y resolución, por su habilidad para generar sonrisas y conexión con los de su alrededor, su continuo apoyo y motor para continuar hacia adelante, por su impecable trabajo como neuropsicólogo, docente e investigador y sobre todo, por su gran calidad humana y contribución en el campo de la neuropsicología y en especial en infantil, siendo las familias y los niñ@s los protagonistas en su proyecto vital.</p>
<p>Sin duda, una corta pero intensa trayectoria, sembrada de muchas aportaciones y contribuciones, siendo para la Societat Valenciana de Neuropsicologia (SVNP) y la Federación de Asociaciones de Neuropsicología Españolas (FANPSE) un honor, otorgar un premio con su nombre con el objetivo de incentivar y motivar a los profesionales de este campo para que sigan con la misma ilusión y constancia que Jordi demostraba día tras día. Fomentando que muchos otr@s puedan seguir sus pasos, favoreciendo así un contínuo de posibilidades y aportaciones a nuestro campo, el de la Neuropsicología. Que sea un ejemplo e inspiración de excelencia para las actuales y las nuevas generaciones profesionales.</p>
<p class="ponencia"><b>El Premio consistirá en una inscripción al XVI Congreso Nacional de Neuropsicología de FANPSE.</b></p>
<p>&nbsp;</p>
<h2>PREMIO JUAN MANUEL MUÑOZ CÉSPEDES</h2>
<p>&nbsp;</p>
<h3>A la mejor Comunicación Oral</h3>
<p>&nbsp;</p>
<p><img decoding="async" loading="lazy" class="alignleft size-full wp-image-3028" src="https://congresofanpse.org/2024/wp-content/uploads/2019/02/juan-manuel-cespedes.jpg" alt="Juan Manuel Cespedes" width="188" height="268" />El premio Juan Manuel Muñoz Céspedes se otorga por primera vez en el Congreso de Fanpse de 2012 en Madrid y surge como un pequeño homenaje a una gran figura de la Neuropsicología de nuestro país.</p>
<p>Juan Manuel (Madrid, 1965 – 2005), en su corta carrera profesional, tuvo una intensa actividad en diversos ámbitos de la Neuropsicología del Daño Cerebral Adquirido (DCA).</p>
<p>Fue clínico (desarrollando gran parte de esta labor en la Unidad de Daño Cerebral del Hospital Beata María Ana de la que era Director), investigador (con numerosas ponencias y posters en congresos internacionales, artículos publicados), profesor y maestro de diversos cursos de grado (Psicología, Terapia Ocupacional, etc.), postgrado (Universidad Complutense), seminarios y cursos monográficos, etc.</p>
<p>Pero sobre todo fue una persona de consenso, una persona que creía en la suma, en la unión de sinergias, en el trabajo, en la constancia para conseguir un lugar destacado del neuropsicólogo en diversas realidades.</p>
<p>El reconocimiento que alcanzó fue debido, no solo a sus logros profesionales, sino a la calidad de persona que fue.</p>
<p>Todo ello parecían motivos suficientes para que desde FANPSE, unión de distintas vivencias y experiencias neuropsicológicas, se concediera un premio que lleva su nombre.</p>
<p class="ponencia"><b>El Premio consistirá en una inscripción al XVI Congreso Nacional de Neuropsicología de FANPSE.</b></p>
<p>[/vc_column_text][/vc_column][/vc_row]</p>

<p>[vc_row el_class=»premios»][vc_column][vc_column_text] PREMIO JORDI BERNABEU i VERDÚ &nbsp; Al mejor Póster &nbsp; El premio Jordi Bernabeu i Verdú se otorga por primera vez en el Congreso FANPSE del 2012 en Madrid, y surge como un pequeño homenaje a una gran figura de la Neuropsicología de nuestro país. Jordi Bernabeu (Alcoi, 1971-2011) durante varios años participó&#8230;</p>
